{"id":1075,"date":"2025-08-31T21:11:26","date_gmt":"2025-08-31T19:11:26","guid":{"rendered":"https:\/\/class-jewelry.com\/?post_type=product&#038;p=1075"},"modified":"2025-08-31T21:11:26","modified_gmt":"2025-08-31T19:11:26","slug":"spila-4","status":"publish","type":"product","link":"https:\/\/class-jewelry.com\/index.php\/product\/spila-4\/","title":{"rendered":"Spila"},"content":{"rendered":"<p>\ud83c\udf38 Spile \u201cLulebore\u201d<\/p>\n<p>Shtoni nj\u00eb prekje elegante dhe fem\u00ebrore n\u00eb kombinimet tuaja me k\u00ebt\u00eb spile me form\u00eb lulebore. Dizajni delikat dhe materiali stainless steel e b\u00ebjn\u00eb nj\u00eb aksesor t\u00eb q\u00ebndruesh\u00ebm dhe t\u00eb bukur p\u00ebr \u00e7do dit\u00eb.<\/p>\n","protected":false},"excerpt":{"rendered":"<ul>\n<li>Form\u00eb: Lulebore elegante<\/li>\n<li>Material: Stainless steel 316L<\/li>\n<li>Ngjyr\u00eb: Gold<\/li>\n<li>P\u00ebrdorim: P\u00ebr \u00e7do rast, dit\u00eb apo mbr\u00ebmje<\/li>\n<li>Ideale p\u00ebr dhurat\u00eb<\/li>\n<\/ul>\n","protected":false},"featured_media":1076,"comment_status":"open","ping_status":"closed","template":"","meta":{"neve_meta_sidebar":"","neve_meta_container":"","neve_meta_enable_content_width":"off","neve_meta_content_width":100,"neve_meta_title_alignment":"","neve_meta_author_avatar":"","neve_post_elements_order":"","neve_meta_disable_header":"","neve_meta_disable_footer":"","neve_meta_disable_title":"","_themeisle_gutenberg_block_has_review":false},"product_brand":[],"product_cat":[28],"product_tag":[],"class_list":{"0":"post-1075","1":"product","2":"type-product","3":"status-publish","4":"has-post-thumbnail","6":"product_cat-aksesore","8":"first","9":"instock","10":"shipping-taxable","11":"purchasable","12":"product-type-simple"},"_links":{"self":[{"href":"https:\/\/class-jewelry.com\/index.php\/wp-json\/wp\/v2\/product\/1075","targetHints":{"allow":["GET"]}}],"collection":[{"href":"https:\/\/class-jewelry.com\/index.php\/wp-json\/wp\/v2\/product"}],"about":[{"href":"https:\/\/class-jewelry.com\/index.php\/wp-json\/wp\/v2\/types\/product"}],"replies":[{"embeddable":true,"href":"https:\/\/class-jewelry.com\/index.php\/wp-json\/wp\/v2\/comments?post=1075"}],"wp:featuredmedia":[{"embeddable":true,"href":"https:\/\/class-jewelry.com\/index.php\/wp-json\/wp\/v2\/media\/1076"}],"wp:attachment":[{"href":"https:\/\/class-jewelry.com\/index.php\/wp-json\/wp\/v2\/media?parent=1075"}],"wp:term":[{"taxonomy":"product_brand","embeddable":true,"href":"https:\/\/class-jewelry.com\/index.php\/wp-json\/wp\/v2\/product_brand?post=1075"},{"taxonomy":"product_cat","embeddable":true,"href":"https:\/\/class-jewelry.com\/index.php\/wp-json\/wp\/v2\/product_cat?post=1075"},{"taxonomy":"product_tag","embeddable":true,"href":"https:\/\/class-jewelry.com\/index.php\/wp-json\/wp\/v2\/product_tag?post=1075"}],"curies":[{"name":"wp","href":"https:\/\/api.w.org\/{rel}","templated":true}]}}