{"id":1223,"date":"2025-09-04T21:37:57","date_gmt":"2025-09-04T19:37:57","guid":{"rendered":"https:\/\/class-jewelry.com\/?post_type=product&#038;p=1223"},"modified":"2025-09-04T21:37:57","modified_gmt":"2025-09-04T19:37:57","slug":"byzylyk","status":"publish","type":"product","link":"https:\/\/class-jewelry.com\/index.php\/product\/byzylyk\/","title":{"rendered":"Byzylyk"},"content":{"rendered":"<p>Byzylyku yn\u00eb me lule t\u00eb zez\u00eb \u00ebsht\u00eb nj\u00eb kombinim i p\u00ebrsosur i eleganc\u00ebs dhe q\u00ebndrueshm\u00ebris\u00eb.<\/p>\n<p>I punuar nga \u00e7elik inox 316 dhe i veshur me PVD Gold 18K, ky byzylyk \u00ebsht\u00eb rezistent ndaj p\u00ebrdorimit t\u00eb p\u00ebrditsh\u00ebm dhe nuk nxihet, duke ruajtur gjithmon\u00eb shk\u00eblqimin e tij.<\/p>\n<p>Lule e zez\u00eb e vendosur me kujdes i jep nj\u00eb kontrast t\u00eb sofistikuar dhe nj\u00eb prekje unike dizajnit.<\/p>\n<p>I p\u00ebrshtatsh\u00ebm p\u00ebr \u00e7do dit\u00eb apo raste speciale, ky aksesor t\u00eb b\u00ebn t\u00eb dalloresh n\u00eb m\u00ebnyr\u00eb elegante, duke ruajtur gjithmon\u00eb cil\u00ebsin\u00eb e lart\u00eb.<\/p>\n","protected":false},"excerpt":{"rendered":"<ul>\n<li style=\"text-align: left;\">Byzylyk me lule t\u00eb zez\u00eb<\/li>\n<li>Material: Stainless Steel 316 + PVD Gold 18K(lare ne flori18K), i q\u00ebndruesh\u00ebm dhe nuk nxihet<\/li>\n<li>Dizajn minimalist dhe elegant<\/li>\n<li>Lule e zez\u00eb q\u00eb i shton kontrast dhe stil<\/li>\n<li>I p\u00ebrshtatsh\u00ebm p\u00ebr p\u00ebrdorim t\u00eb p\u00ebrditsh\u00ebm ose raste speciale<\/li>\n<li>Rezistent dhe i q\u00ebndruesh\u00ebm<\/li>\n<\/ul>\n","protected":false},"featured_media":1224,"comment_status":"open","ping_status":"closed","template":"","meta":{"neve_meta_sidebar":"","neve_meta_container":"","neve_meta_enable_content_width":"off","neve_meta_content_width":100,"neve_meta_title_alignment":"","neve_meta_author_avatar":"","neve_post_elements_order":"","neve_meta_disable_header":"","neve_meta_disable_footer":"","neve_meta_disable_title":"","_themeisle_gutenberg_block_has_review":false},"product_brand":[],"product_cat":[26],"product_tag":[],"class_list":{"0":"post-1223","1":"product","2":"type-product","3":"status-publish","4":"has-post-thumbnail","6":"product_cat-byrzylyk","8":"first","9":"instock","10":"shipping-taxable","11":"purchasable","12":"product-type-simple"},"_links":{"self":[{"href":"https:\/\/class-jewelry.com\/index.php\/wp-json\/wp\/v2\/product\/1223","targetHints":{"allow":["GET"]}}],"collection":[{"href":"https:\/\/class-jewelry.com\/index.php\/wp-json\/wp\/v2\/product"}],"about":[{"href":"https:\/\/class-jewelry.com\/index.php\/wp-json\/wp\/v2\/types\/product"}],"replies":[{"embeddable":true,"href":"https:\/\/class-jewelry.com\/index.php\/wp-json\/wp\/v2\/comments?post=1223"}],"wp:featuredmedia":[{"embeddable":true,"href":"https:\/\/class-jewelry.com\/index.php\/wp-json\/wp\/v2\/media\/1224"}],"wp:attachment":[{"href":"https:\/\/class-jewelry.com\/index.php\/wp-json\/wp\/v2\/media?parent=1223"}],"wp:term":[{"taxonomy":"product_brand","embeddable":true,"href":"https:\/\/class-jewelry.com\/index.php\/wp-json\/wp\/v2\/product_brand?post=1223"},{"taxonomy":"product_cat","embeddable":true,"href":"https:\/\/class-jewelry.com\/index.php\/wp-json\/wp\/v2\/product_cat?post=1223"},{"taxonomy":"product_tag","embeddable":true,"href":"https:\/\/class-jewelry.com\/index.php\/wp-json\/wp\/v2\/product_tag?post=1223"}],"curies":[{"name":"wp","href":"https:\/\/api.w.org\/{rel}","templated":true}]}}