{"id":1292,"date":"2026-04-08T22:18:27","date_gmt":"2026-04-08T20:18:27","guid":{"rendered":"https:\/\/class-jewelry.com\/?post_type=product&#038;p=1292"},"modified":"2026-04-08T22:18:27","modified_gmt":"2026-04-08T20:18:27","slug":"unaze-me-hene","status":"publish","type":"product","link":"https:\/\/class-jewelry.com\/index.php\/product\/unaze-me-hene\/","title":{"rendered":"Unaze me hene"},"content":{"rendered":"<p>Nj\u00eb unaz\u00eb q\u00eb flet vet\u00eb\u2026 \ud83d\udcab\ud83c\udf19<\/p>\n<p>Brenda saj fshihet nj\u00eb sekret i bukur:<\/p>\n<p>\u201cT\u00eb dua\u201d n\u00eb 100 gjuh\u00eb t\u00eb bot\u00ebs \u2764\ufe0f\ud83c\udf0d<\/p>\n<p>Nj\u00eb dhurat\u00eb perfekte p\u00ebr dik\u00eb special\u2026 ose p\u00ebr veten t\u00ebnde \u2728<\/p>\n","protected":false},"excerpt":{"rendered":"<ul>\n<li><strong data-start=\"317\" data-end=\"330\">Material:<\/strong> Stainless Steel me veshje PVD Gold 18K<\/li>\n<li><strong data-start=\"377\" data-end=\"389\">Dizajni:<\/strong> Me hene me shkrim Te dua ne 100 gjuhe te botes brenda syrit magjik<\/li>\n<li><strong data-start=\"497\" data-end=\"512\">Rezistenc\u00eb:<\/strong> Anti-alergjike, nuk nxin dhe nuk ndryshket<\/li>\n<li><strong data-start=\"558\" data-end=\"567\">Stil:<\/strong> Elegant, fem\u00ebror dhe i frym\u00ebzuar nga dizajnet klasike<\/li>\n<\/ul>\n","protected":false},"featured_media":1293,"comment_status":"open","ping_status":"closed","template":"","meta":{"neve_meta_sidebar":"","neve_meta_container":"","neve_meta_enable_content_width":"off","neve_meta_content_width":100,"neve_meta_title_alignment":"","neve_meta_author_avatar":"","neve_post_elements_order":"","neve_meta_disable_header":"","neve_meta_disable_footer":"","neve_meta_disable_title":"","_themeisle_gutenberg_block_has_review":false},"product_brand":[],"product_cat":[24],"product_tag":[],"class_list":{"0":"post-1292","1":"product","2":"type-product","3":"status-publish","4":"has-post-thumbnail","6":"product_cat-unaza","8":"first","9":"instock","10":"shipping-taxable","11":"purchasable","12":"product-type-simple"},"_links":{"self":[{"href":"https:\/\/class-jewelry.com\/index.php\/wp-json\/wp\/v2\/product\/1292","targetHints":{"allow":["GET"]}}],"collection":[{"href":"https:\/\/class-jewelry.com\/index.php\/wp-json\/wp\/v2\/product"}],"about":[{"href":"https:\/\/class-jewelry.com\/index.php\/wp-json\/wp\/v2\/types\/product"}],"replies":[{"embeddable":true,"href":"https:\/\/class-jewelry.com\/index.php\/wp-json\/wp\/v2\/comments?post=1292"}],"wp:featuredmedia":[{"embeddable":true,"href":"https:\/\/class-jewelry.com\/index.php\/wp-json\/wp\/v2\/media\/1293"}],"wp:attachment":[{"href":"https:\/\/class-jewelry.com\/index.php\/wp-json\/wp\/v2\/media?parent=1292"}],"wp:term":[{"taxonomy":"product_brand","embeddable":true,"href":"https:\/\/class-jewelry.com\/index.php\/wp-json\/wp\/v2\/product_brand?post=1292"},{"taxonomy":"product_cat","embeddable":true,"href":"https:\/\/class-jewelry.com\/index.php\/wp-json\/wp\/v2\/product_cat?post=1292"},{"taxonomy":"product_tag","embeddable":true,"href":"https:\/\/class-jewelry.com\/index.php\/wp-json\/wp\/v2\/product_tag?post=1292"}],"curies":[{"name":"wp","href":"https:\/\/api.w.org\/{rel}","templated":true}]}}