{"id":777,"date":"2025-08-19T16:17:30","date_gmt":"2025-08-19T14:17:30","guid":{"rendered":"https:\/\/class-jewelry.com\/?post_type=product&#038;p=777"},"modified":"2025-08-19T16:17:30","modified_gmt":"2025-08-19T14:17:30","slug":"vathet-zemer-moderne","status":"publish","type":"product","link":"https:\/\/class-jewelry.com\/index.php\/product\/vathet-zemer-moderne\/","title":{"rendered":"Vath\u00ebt \u201cZem\u00ebr Moderne&#8221;"},"content":{"rendered":"<p>&nbsp;<\/p>\n<p data-start=\"594\" data-end=\"697\"><strong data-start=\"594\" data-end=\"620\">Vath\u00ebt \u201cZem\u00ebr Moderne\u201d<\/strong> jan\u00eb nj\u00eb p\u00ebrzierje perfekte mes ndjeshm\u00ebris\u00eb klasike dhe stilit bashk\u00ebkohor.<\/p>\n<p data-start=\"699\" data-end=\"865\">Forma e zemr\u00ebs \u00ebsht\u00eb interpretuar n\u00eb nj\u00eb dizajn m\u00eb t\u00eb guximsh\u00ebm dhe t\u00eb rafinuar, duke i kthyer k\u00ebta vath\u00eb n\u00eb nj\u00eb aksesor q\u00eb bie n\u00eb sy, por ruan eleganc\u00ebn e natyrshme.<\/p>\n<p data-start=\"867\" data-end=\"1059\">T\u00eb punuar nga \u00e7elik inox 316 dhe t\u00eb veshur me flori 18K me teknologjin\u00eb PVD, vath\u00ebt nuk zbehen, nuk shkaktojn\u00eb alergji dhe jan\u00eb t\u00eb sigurt p\u00ebr p\u00ebrdorim t\u00eb p\u00ebrditsh\u00ebm \u2013 me nj\u00eb shk\u00eblqim q\u00eb zgjat.<\/p>\n<p data-start=\"1061\" data-end=\"1141\">Perfekt p\u00ebr ata q\u00eb duan t\u00eb tregojn\u00eb stil, por edhe ndjenj\u00eb \u2013 n\u00eb nj\u00eb form\u00eb t\u00eb re.<\/p>\n","protected":false},"excerpt":{"rendered":"<ul>\n<li data-start=\"231\" data-end=\"280\">\n<p data-start=\"233\" data-end=\"280\"><strong data-start=\"233\" data-end=\"246\">Material:<\/strong> <strong data-start=\"247\" data-end=\"278\">Stainless Steel (\u00e7elik) 316<\/strong><\/p>\n<\/li>\n<li data-start=\"281\" data-end=\"353\">\n<p data-start=\"283\" data-end=\"353\"><strong data-start=\"283\" data-end=\"307\">T\u00eb lar\u00eb n\u00eb flori 18K<\/strong> \u2013 veshje <strong data-start=\"317\" data-end=\"324\">PVD<\/strong> me shk\u00eblqim t\u00eb q\u00ebndruesh\u00ebm<\/p>\n<\/li>\n<li data-start=\"354\" data-end=\"417\">\n<p data-start=\"356\" data-end=\"417\"><strong data-start=\"356\" data-end=\"388\">Dizajn modern n\u00eb form\u00eb zemre<\/strong> \u2013 i rafinuar dhe i ve\u00e7ant\u00eb<\/p>\n<\/li>\n<li data-start=\"418\" data-end=\"479\">\n<p data-start=\"420\" data-end=\"479\"><strong data-start=\"420\" data-end=\"436\">Antialergjik<\/strong>, rezistent ndaj <strong data-start=\"453\" data-end=\"477\">ujit dhe lag\u00ebshtir\u00ebs<\/strong><\/p>\n<\/li>\n<li data-start=\"480\" data-end=\"529\">\n<p data-start=\"482\" data-end=\"529\">Aksesor <strong data-start=\"490\" data-end=\"512\">delikat dhe stilor<\/strong> p\u00ebr \u00e7do kombinim<\/p>\n<\/li>\n<\/ul>\n","protected":false},"featured_media":778,"comment_status":"open","ping_status":"closed","template":"","meta":{"neve_meta_sidebar":"","neve_meta_container":"","neve_meta_enable_content_width":"off","neve_meta_content_width":100,"neve_meta_title_alignment":"","neve_meta_author_avatar":"","neve_post_elements_order":"","neve_meta_disable_header":"","neve_meta_disable_footer":"","neve_meta_disable_title":"","_themeisle_gutenberg_block_has_review":false},"product_brand":[],"product_cat":[25],"product_tag":[],"class_list":{"0":"post-777","1":"product","2":"type-product","3":"status-publish","4":"has-post-thumbnail","6":"product_cat-vethe","8":"first","9":"instock","10":"shipping-taxable","11":"purchasable","12":"product-type-simple"},"_links":{"self":[{"href":"https:\/\/class-jewelry.com\/index.php\/wp-json\/wp\/v2\/product\/777","targetHints":{"allow":["GET"]}}],"collection":[{"href":"https:\/\/class-jewelry.com\/index.php\/wp-json\/wp\/v2\/product"}],"about":[{"href":"https:\/\/class-jewelry.com\/index.php\/wp-json\/wp\/v2\/types\/product"}],"replies":[{"embeddable":true,"href":"https:\/\/class-jewelry.com\/index.php\/wp-json\/wp\/v2\/comments?post=777"}],"wp:featuredmedia":[{"embeddable":true,"href":"https:\/\/class-jewelry.com\/index.php\/wp-json\/wp\/v2\/media\/778"}],"wp:attachment":[{"href":"https:\/\/class-jewelry.com\/index.php\/wp-json\/wp\/v2\/media?parent=777"}],"wp:term":[{"taxonomy":"product_brand","embeddable":true,"href":"https:\/\/class-jewelry.com\/index.php\/wp-json\/wp\/v2\/product_brand?post=777"},{"taxonomy":"product_cat","embeddable":true,"href":"https:\/\/class-jewelry.com\/index.php\/wp-json\/wp\/v2\/product_cat?post=777"},{"taxonomy":"product_tag","embeddable":true,"href":"https:\/\/class-jewelry.com\/index.php\/wp-json\/wp\/v2\/product_tag?post=777"}],"curies":[{"name":"wp","href":"https:\/\/api.w.org\/{rel}","templated":true}]}}