{"id":784,"date":"2025-08-19T16:31:15","date_gmt":"2025-08-19T14:31:15","guid":{"rendered":"https:\/\/class-jewelry.com\/?post_type=product&#038;p=784"},"modified":"2025-08-19T16:31:15","modified_gmt":"2025-08-19T14:31:15","slug":"varesja-guaske-e-vogel","status":"publish","type":"product","link":"https:\/\/class-jewelry.com\/index.php\/product\/varesja-guaske-e-vogel\/","title":{"rendered":"Var\u00ebsja \u201cGuask\u00eb e Vog\u00ebl\u201d"},"content":{"rendered":"<p data-start=\"508\" data-end=\"629\"><strong data-start=\"508\" data-end=\"536\">Var\u00ebsja \u201cGuask\u00eb e Vog\u00ebl\u201d<\/strong> \u00ebsht\u00eb nj\u00eb aksesor i thjesht\u00eb por me shum\u00eb stil, q\u00eb sjell freskin\u00eb e detit pran\u00eb zemr\u00ebs suaj.<\/p>\n<p data-start=\"631\" data-end=\"745\">Guaska e vog\u00ebl, e punuar me kujdes dhe eleganc\u00eb, simbolizon natyr\u00ebn dhe bukurin\u00eb e detit n\u00eb nj\u00eb form\u00eb t\u00eb rafinuar.<\/p>\n<p data-start=\"747\" data-end=\"967\">E b\u00ebr\u00eb nga <strong data-start=\"758\" data-end=\"794\">\u00e7elik inox 316 (Stainless Steel)<\/strong> dhe e veshur me <strong data-start=\"811\" data-end=\"824\">flori 18K<\/strong> p\u00ebrmes teknologjis\u00eb <strong data-start=\"845\" data-end=\"852\">PVD<\/strong>, kjo var\u00ebse \u00ebsht\u00eb rezistente ndaj ujit, nuk zbehet dhe nuk shkakton alergji \u2013 perfekte p\u00ebr p\u00ebrdorim t\u00eb p\u00ebrditsh\u00ebm.<\/p>\n<p data-start=\"969\" data-end=\"1020\">Nj\u00eb detaj i vog\u00ebl q\u00eb b\u00ebn ndryshimin n\u00eb stilin tuaj.<\/p>\n","protected":false},"excerpt":{"rendered":"<ul>\n<li data-start=\"165\" data-end=\"214\">\n<p data-start=\"167\" data-end=\"214\"><strong data-start=\"167\" data-end=\"180\">Material:<\/strong> <strong data-start=\"181\" data-end=\"212\">Stainless Steel (\u00e7elik) 316<\/strong><\/p>\n<\/li>\n<li data-start=\"215\" data-end=\"286\">\n<p data-start=\"217\" data-end=\"286\"><strong data-start=\"217\" data-end=\"240\">E lar\u00eb n\u00eb flori 18K<\/strong> \u2013 veshje <strong data-start=\"250\" data-end=\"257\">PVD<\/strong> me shk\u00eblqim t\u00eb q\u00ebndruesh\u00ebm<\/p>\n<\/li>\n<li data-start=\"287\" data-end=\"340\">\n<p data-start=\"289\" data-end=\"340\"><strong data-start=\"289\" data-end=\"313\">Detaj guask\u00eb e vog\u00ebl<\/strong> \u2013 delikat dhe i rafinuar<\/p>\n<\/li>\n<li data-start=\"341\" data-end=\"402\">\n<p data-start=\"343\" data-end=\"402\"><strong data-start=\"343\" data-end=\"359\">Antialergjik<\/strong>, rezistent ndaj <strong data-start=\"376\" data-end=\"400\">ujit dhe lag\u00ebshtir\u00ebs<\/strong><\/p>\n<\/li>\n<li data-start=\"403\" data-end=\"449\">\n<p data-start=\"405\" data-end=\"449\">Var\u00ebse <strong data-start=\"412\" data-end=\"436\">e leht\u00eb dhe elegante<\/strong> p\u00ebr \u00e7do dit\u00eb<\/p>\n<\/li>\n<\/ul>\n","protected":false},"featured_media":785,"comment_status":"open","ping_status":"closed","template":"","meta":{"neve_meta_sidebar":"","neve_meta_container":"","neve_meta_enable_content_width":"off","neve_meta_content_width":100,"neve_meta_title_alignment":"","neve_meta_author_avatar":"","neve_post_elements_order":"","neve_meta_disable_header":"","neve_meta_disable_footer":"","neve_meta_disable_title":"","_themeisle_gutenberg_block_has_review":false},"product_brand":[],"product_cat":[23],"product_tag":[],"class_list":{"0":"post-784","1":"product","2":"type-product","3":"status-publish","4":"has-post-thumbnail","6":"product_cat-varse","8":"first","9":"instock","10":"shipping-taxable","11":"purchasable","12":"product-type-simple"},"_links":{"self":[{"href":"https:\/\/class-jewelry.com\/index.php\/wp-json\/wp\/v2\/product\/784","targetHints":{"allow":["GET"]}}],"collection":[{"href":"https:\/\/class-jewelry.com\/index.php\/wp-json\/wp\/v2\/product"}],"about":[{"href":"https:\/\/class-jewelry.com\/index.php\/wp-json\/wp\/v2\/types\/product"}],"replies":[{"embeddable":true,"href":"https:\/\/class-jewelry.com\/index.php\/wp-json\/wp\/v2\/comments?post=784"}],"wp:featuredmedia":[{"embeddable":true,"href":"https:\/\/class-jewelry.com\/index.php\/wp-json\/wp\/v2\/media\/785"}],"wp:attachment":[{"href":"https:\/\/class-jewelry.com\/index.php\/wp-json\/wp\/v2\/media?parent=784"}],"wp:term":[{"taxonomy":"product_brand","embeddable":true,"href":"https:\/\/class-jewelry.com\/index.php\/wp-json\/wp\/v2\/product_brand?post=784"},{"taxonomy":"product_cat","embeddable":true,"href":"https:\/\/class-jewelry.com\/index.php\/wp-json\/wp\/v2\/product_cat?post=784"},{"taxonomy":"product_tag","embeddable":true,"href":"https:\/\/class-jewelry.com\/index.php\/wp-json\/wp\/v2\/product_tag?post=784"}],"curies":[{"name":"wp","href":"https:\/\/api.w.org\/{rel}","templated":true}]}}