{"id":804,"date":"2025-08-19T17:56:10","date_gmt":"2025-08-19T15:56:10","guid":{"rendered":"https:\/\/class-jewelry.com\/?post_type=product&#038;p=804"},"modified":"2025-08-29T14:32:30","modified_gmt":"2025-08-29T12:32:30","slug":"vathet-perla-e-detit","status":"publish","type":"product","link":"https:\/\/class-jewelry.com\/index.php\/product\/vathet-perla-e-detit\/","title":{"rendered":"Vath\u00ebt \u201cPerla e Detit\u201d"},"content":{"rendered":"<p data-start=\"574\" data-end=\"670\"><strong data-start=\"565\" data-end=\"591\">Vath\u00ebt \u201cPerla e Detit\u201d<\/strong> sjellin eleganc\u00ebn e natyr\u00ebs n\u00eb nj\u00eb form\u00eb t\u00eb qet\u00eb dhe t\u00eb sofistikuar.<\/p>\n<p data-start=\"672\" data-end=\"889\">Guaska simbolizon mbrojtjen dhe thell\u00ebsin\u00eb, nd\u00ebrsa perla n\u00eb qend\u00ebr \u00ebsht\u00eb zemra e saj \u2013 nj\u00eb detaj q\u00eb p\u00ebrfaq\u00ebson past\u00ebrtin\u00eb dhe bukurin\u00eb e brendshme. Ky kombinim i jep vath\u00ebve nj\u00eb ndjesi t\u00eb ngroht\u00eb, por edhe t\u00eb ve\u00e7ant\u00eb.<\/p>\n<p data-start=\"891\" data-end=\"1163\">T\u00eb punuar nga <strong data-start=\"905\" data-end=\"941\">\u00e7elik inox 316 (Stainless Steel)<\/strong> dhe t\u00eb veshur me <strong data-start=\"959\" data-end=\"972\">flori 18K<\/strong> p\u00ebrmes teknologjis\u00eb <strong data-start=\"993\" data-end=\"1000\">PVD<\/strong>, k\u00ebta vath\u00eb jan\u00eb <strong data-start=\"1018\" data-end=\"1032\">rezistent\u00eb<\/strong>, <strong data-start=\"1034\" data-end=\"1048\">nuk zbehen<\/strong>, <strong data-start=\"1050\" data-end=\"1076\">nuk shkaktojn\u00eb alergji<\/strong> \u2013 nj\u00eb zgjedhje e sigurt p\u00ebr \u00e7do dit\u00eb q\u00eb k\u00ebrkon prekje natyrale dhe stil t\u00eb p\u00ebrjetsh\u00ebm.<\/p>\n","protected":false},"excerpt":{"rendered":"<ul>\n<li data-start=\"179\" data-end=\"228\">\n<p data-start=\"181\" data-end=\"228\"><strong data-start=\"181\" data-end=\"194\">Material:<\/strong> <strong data-start=\"195\" data-end=\"226\">Stainless Steel (\u00e7elik) 316<\/strong><\/p>\n<\/li>\n<li data-start=\"229\" data-end=\"301\">\n<p data-start=\"231\" data-end=\"301\"><strong data-start=\"231\" data-end=\"255\">T\u00eb lar\u00eb n\u00eb flori 18K<\/strong> \u2013 veshje <strong data-start=\"265\" data-end=\"272\">PVD<\/strong> me shk\u00eblqim t\u00eb q\u00ebndruesh\u00ebm<\/p>\n<\/li>\n<li data-start=\"302\" data-end=\"377\">\n<p data-start=\"304\" data-end=\"377\"><strong data-start=\"304\" data-end=\"344\">Dizajn me guask\u00eb dhe perl\u00eb n\u00eb qend\u00ebr<\/strong> \u2013 kombinim natyral dhe elegant<\/p>\n<\/li>\n<li data-start=\"378\" data-end=\"443\">\n<p data-start=\"380\" data-end=\"443\"><strong data-start=\"380\" data-end=\"396\">Antialergjik<\/strong>, rezistent ndaj <strong data-start=\"413\" data-end=\"441\">g\u00ebrvishtjeve dhe zbehjes<\/strong><\/p>\n<\/li>\n<li data-start=\"444\" data-end=\"515\">\n<p data-start=\"446\" data-end=\"515\">Vath\u00eb <strong data-start=\"452\" data-end=\"477\">delikat\u00eb dhe fem\u00ebror\u00eb<\/strong>, perfekt\u00eb p\u00ebr p\u00ebrditshm\u00ebri apo evente<\/p>\n<\/li>\n<\/ul>\n","protected":false},"featured_media":805,"comment_status":"open","ping_status":"closed","template":"","meta":{"neve_meta_sidebar":"","neve_meta_container":"","neve_meta_enable_content_width":"off","neve_meta_content_width":100,"neve_meta_title_alignment":"","neve_meta_author_avatar":"","neve_post_elements_order":"","neve_meta_disable_header":"","neve_meta_disable_footer":"","neve_meta_disable_title":"","_themeisle_gutenberg_block_has_review":false},"product_brand":[],"product_cat":[25],"product_tag":[],"class_list":{"0":"post-804","1":"product","2":"type-product","3":"status-publish","4":"has-post-thumbnail","6":"product_cat-vethe","8":"first","9":"instock","10":"shipping-taxable","11":"purchasable","12":"product-type-simple"},"_links":{"self":[{"href":"https:\/\/class-jewelry.com\/index.php\/wp-json\/wp\/v2\/product\/804","targetHints":{"allow":["GET"]}}],"collection":[{"href":"https:\/\/class-jewelry.com\/index.php\/wp-json\/wp\/v2\/product"}],"about":[{"href":"https:\/\/class-jewelry.com\/index.php\/wp-json\/wp\/v2\/types\/product"}],"replies":[{"embeddable":true,"href":"https:\/\/class-jewelry.com\/index.php\/wp-json\/wp\/v2\/comments?post=804"}],"wp:featuredmedia":[{"embeddable":true,"href":"https:\/\/class-jewelry.com\/index.php\/wp-json\/wp\/v2\/media\/805"}],"wp:attachment":[{"href":"https:\/\/class-jewelry.com\/index.php\/wp-json\/wp\/v2\/media?parent=804"}],"wp:term":[{"taxonomy":"product_brand","embeddable":true,"href":"https:\/\/class-jewelry.com\/index.php\/wp-json\/wp\/v2\/product_brand?post=804"},{"taxonomy":"product_cat","embeddable":true,"href":"https:\/\/class-jewelry.com\/index.php\/wp-json\/wp\/v2\/product_cat?post=804"},{"taxonomy":"product_tag","embeddable":true,"href":"https:\/\/class-jewelry.com\/index.php\/wp-json\/wp\/v2\/product_tag?post=804"}],"curies":[{"name":"wp","href":"https:\/\/api.w.org\/{rel}","templated":true}]}}