{"id":833,"date":"2025-08-20T23:26:28","date_gmt":"2025-08-20T21:26:28","guid":{"rendered":"https:\/\/class-jewelry.com\/?post_type=product&#038;p=833"},"modified":"2025-08-31T21:52:31","modified_gmt":"2025-08-31T19:52:31","slug":"unazalule-zeze","status":"publish","type":"product","link":"https:\/\/class-jewelry.com\/index.php\/product\/unazalule-zeze\/","title":{"rendered":"Unaza\u201dLule Zez\u00eb\u201d"},"content":{"rendered":"<p>Unaza me lule te zez\u00eb \u00a0\u00ebsht\u00eb nj\u00eb aksesor unik q\u00eb nd\u00ebrthur eleganc\u00ebn klasike me modernitetin. E punuar me stainless steel 316 dhe e veshur me flori 18K p\u00ebrmes teknologjis\u00eb PVD, ajo ofron nj\u00eb shk\u00eblqim t\u00eb q\u00ebndruesh\u00ebm dhe rezistenc\u00eb ndaj koh\u00ebs. Dizajni i saj i frym\u00ebzuar nga linja luksoze \u201cVanceef\u201d shpreh fines\u00eb dhe delikates\u00eb, duke e b\u00ebr\u00eb t\u00eb p\u00ebrsosur p\u00ebr \u00e7do stil. Antialergjike, rezistente ndaj ujit dhe nxirjes, kjo unaz\u00eb nuk \u00ebsht\u00eb thjesht nj\u00eb aksesor, por nj\u00eb detaj q\u00eb t\u00eb b\u00ebn t\u00eb ndihesh elegante n\u00eb \u00e7do rast.<\/p>\n","protected":false},"excerpt":{"rendered":"<ul>\n<li><strong>Material<\/strong>: Stainless Steel 316 \u2013 \u00e7elik inox cil\u00ebsor q\u00eb siguron jet\u00ebgjat\u00ebsi dhe rezistenc\u00eb<\/li>\n<li><strong>Veshje<\/strong>: I lar\u00eb me flori 18K p\u00ebrmes teknologjis\u00eb PVD \u2013 ngjyr\u00eb e pasur gold dhe shk\u00eblqim q\u00eb nuk zbehet<\/li>\n<li><strong>Dizajn<\/strong>: Inspiruar nga stili \u201cVanceef\u201d \u2013 linja elegante me detaje moderne q\u00eb reflektojn\u00eb luks dhe fines\u00eb<\/li>\n<li><strong>Cil\u00ebsi<\/strong>: Antialergjike, rezistente ndaj ujit, g\u00ebrvishtjeve dhe nxirjes<\/li>\n<li><strong>Stili<\/strong>: Nj\u00eb unaz\u00eb q\u00eb i shton sofistikim dhe hijeshi \u00e7do paraqitjeje \u2013 perfekte si p\u00ebr p\u00ebrdorim t\u00eb p\u00ebrditsh\u00ebm, ashtu edhe p\u00ebr raste speciale<\/li>\n<\/ul>\n","protected":false},"featured_media":1093,"comment_status":"open","ping_status":"closed","template":"","meta":{"neve_meta_sidebar":"","neve_meta_container":"","neve_meta_enable_content_width":"off","neve_meta_content_width":100,"neve_meta_title_alignment":"","neve_meta_author_avatar":"","neve_post_elements_order":"","neve_meta_disable_header":"","neve_meta_disable_footer":"","neve_meta_disable_title":"","_themeisle_gutenberg_block_has_review":false},"product_brand":[],"product_cat":[24],"product_tag":[],"class_list":{"0":"post-833","1":"product","2":"type-product","3":"status-publish","4":"has-post-thumbnail","6":"product_cat-unaza","8":"first","9":"instock","10":"shipping-taxable","11":"purchasable","12":"product-type-simple"},"_links":{"self":[{"href":"https:\/\/class-jewelry.com\/index.php\/wp-json\/wp\/v2\/product\/833","targetHints":{"allow":["GET"]}}],"collection":[{"href":"https:\/\/class-jewelry.com\/index.php\/wp-json\/wp\/v2\/product"}],"about":[{"href":"https:\/\/class-jewelry.com\/index.php\/wp-json\/wp\/v2\/types\/product"}],"replies":[{"embeddable":true,"href":"https:\/\/class-jewelry.com\/index.php\/wp-json\/wp\/v2\/comments?post=833"}],"wp:featuredmedia":[{"embeddable":true,"href":"https:\/\/class-jewelry.com\/index.php\/wp-json\/wp\/v2\/media\/1093"}],"wp:attachment":[{"href":"https:\/\/class-jewelry.com\/index.php\/wp-json\/wp\/v2\/media?parent=833"}],"wp:term":[{"taxonomy":"product_brand","embeddable":true,"href":"https:\/\/class-jewelry.com\/index.php\/wp-json\/wp\/v2\/product_brand?post=833"},{"taxonomy":"product_cat","embeddable":true,"href":"https:\/\/class-jewelry.com\/index.php\/wp-json\/wp\/v2\/product_cat?post=833"},{"taxonomy":"product_tag","embeddable":true,"href":"https:\/\/class-jewelry.com\/index.php\/wp-json\/wp\/v2\/product_tag?post=833"}],"curies":[{"name":"wp","href":"https:\/\/api.w.org\/{rel}","templated":true}]}}