{"id":924,"date":"2025-08-21T15:43:03","date_gmt":"2025-08-21T13:43:03","guid":{"rendered":"https:\/\/class-jewelry.com\/?post_type=product&#038;p=924"},"modified":"2025-08-21T15:43:03","modified_gmt":"2025-08-21T13:43:03","slug":"unaza-yll","status":"publish","type":"product","link":"https:\/\/class-jewelry.com\/index.php\/product\/unaza-yll\/","title":{"rendered":"Unaza \u201cYll\u201d"},"content":{"rendered":"<p data-start=\"560\" data-end=\"760\">Kjo unaz\u00eb p\u00ebrfaq\u00ebson drit\u00ebn q\u00eb \u00e7do yll sjell n\u00eb err\u00ebsir\u00eb.<br data-start=\"617\" data-end=\"620\" \/>E punuar me kujdes nga <strong data-start=\"643\" data-end=\"661\">\u00e7elik inox 316<\/strong> dhe e veshur me <strong data-start=\"678\" data-end=\"697\">flori 18K (PVD)<\/strong>, ajo q\u00ebndron e bukur dhe rezistente n\u00eb p\u00ebrdorim t\u00eb p\u00ebrditsh\u00ebm.<\/p>\n<p data-start=\"762\" data-end=\"851\">\u2b50 <strong data-start=\"764\" data-end=\"851\">Forma e yllit simbolizon \u00ebndrrat, shpres\u00ebn dhe energjin\u00eb pozitive q\u00eb t\u00eb ndjek kudo.<\/strong><\/p>\n","protected":false},"excerpt":{"rendered":"<ul data-start=\"142\" data-end=\"406\">\n<li data-start=\"142\" data-end=\"212\">\n<p data-start=\"144\" data-end=\"212\"><strong data-start=\"144\" data-end=\"158\">Materiali:<\/strong> Stainless Steel 316 \u2013 cil\u00ebsi e lart\u00eb dhe rezistente<\/p>\n<\/li>\n<li data-start=\"213\" data-end=\"273\">\n<p data-start=\"215\" data-end=\"273\"><strong data-start=\"215\" data-end=\"226\">Veshje:<\/strong> PVD Gold 18K \u2013 shk\u00eblqim luksoz dhe jet\u00ebgjat\u00eb<\/p>\n<\/li>\n<li data-start=\"274\" data-end=\"406\">\n<p data-start=\"276\" data-end=\"406\"><strong data-start=\"276\" data-end=\"287\">Dizajn:<\/strong>Unaza delikate me\u00a0 <strong data-start=\"312\" data-end=\"342\">yll t\u00eb dizajnuar <\/strong>\u00a0simbol i shpres\u00ebs, udh\u00ebzimit dhe drit\u00ebs n\u00eb \u00e7do hap t\u00eb jet\u00ebs.<\/p>\n<\/li>\n<\/ul>\n<p data-start=\"408\" data-end=\"481\">\u00a0 \u00a0 \u00a0\u2728 <strong data-start=\"410\" data-end=\"481\">Nj\u00eb aksesor q\u00eb i jep dor\u00ebs nj\u00eb shk\u00eblqim unik dhe kuptim t\u00eb ve\u00e7a<\/strong><\/p>\n","protected":false},"featured_media":925,"comment_status":"open","ping_status":"closed","template":"","meta":{"neve_meta_sidebar":"","neve_meta_container":"","neve_meta_enable_content_width":"off","neve_meta_content_width":100,"neve_meta_title_alignment":"","neve_meta_author_avatar":"","neve_post_elements_order":"","neve_meta_disable_header":"","neve_meta_disable_footer":"","neve_meta_disable_title":"","_themeisle_gutenberg_block_has_review":false},"product_brand":[],"product_cat":[24],"product_tag":[],"class_list":{"0":"post-924","1":"product","2":"type-product","3":"status-publish","4":"has-post-thumbnail","6":"product_cat-unaza","8":"first","9":"instock","10":"shipping-taxable","11":"purchasable","12":"product-type-simple"},"_links":{"self":[{"href":"https:\/\/class-jewelry.com\/index.php\/wp-json\/wp\/v2\/product\/924","targetHints":{"allow":["GET"]}}],"collection":[{"href":"https:\/\/class-jewelry.com\/index.php\/wp-json\/wp\/v2\/product"}],"about":[{"href":"https:\/\/class-jewelry.com\/index.php\/wp-json\/wp\/v2\/types\/product"}],"replies":[{"embeddable":true,"href":"https:\/\/class-jewelry.com\/index.php\/wp-json\/wp\/v2\/comments?post=924"}],"wp:featuredmedia":[{"embeddable":true,"href":"https:\/\/class-jewelry.com\/index.php\/wp-json\/wp\/v2\/media\/925"}],"wp:attachment":[{"href":"https:\/\/class-jewelry.com\/index.php\/wp-json\/wp\/v2\/media?parent=924"}],"wp:term":[{"taxonomy":"product_brand","embeddable":true,"href":"https:\/\/class-jewelry.com\/index.php\/wp-json\/wp\/v2\/product_brand?post=924"},{"taxonomy":"product_cat","embeddable":true,"href":"https:\/\/class-jewelry.com\/index.php\/wp-json\/wp\/v2\/product_cat?post=924"},{"taxonomy":"product_tag","embeddable":true,"href":"https:\/\/class-jewelry.com\/index.php\/wp-json\/wp\/v2\/product_tag?post=924"}],"curies":[{"name":"wp","href":"https:\/\/api.w.org\/{rel}","templated":true}]}}