{"id":940,"date":"2025-08-21T17:00:07","date_gmt":"2025-08-21T15:00:07","guid":{"rendered":"https:\/\/class-jewelry.com\/?post_type=product&#038;p=940"},"modified":"2025-08-21T17:00:07","modified_gmt":"2025-08-21T15:00:07","slug":"hoops-4","status":"publish","type":"product","link":"https:\/\/class-jewelry.com\/index.php\/product\/hoops-4\/","title":{"rendered":"Hoops"},"content":{"rendered":"<p>K\u00ebta v\u00ebth\u00eb hoops me form\u00eb gjeometrike jan\u00eb nj\u00eb interpretim modern i klasik\u00ebve \u2728.<\/p>\n<p>Punuar nga Stainless Steel 316 (\u00e7elik) me veshje PVD Gold 18K, ata q\u00ebndrojn\u00eb shk\u00eblqyes, t\u00eb q\u00ebndruesh\u00ebm dhe antialergjik\u00eb.<\/p>\n<p>Nj\u00eb aksesor elegant q\u00eb shton sofistikim dhe stil unik n\u00eb \u00e7do paraqitje \u2013 perfekt\u00eb si p\u00ebr p\u00ebrditshm\u00ebrin\u00eb, ashtu edhe p\u00ebr evente speciale.<\/p>\n","protected":false},"excerpt":{"rendered":"<ul>\n<li><strong>Materiali<\/strong>: Stainless Steel 316 (\u00e7elik) \u2013 cil\u00ebsia m\u00eb e lart\u00eb<\/li>\n<li><strong>Veshje<\/strong>: PVD Gold 18K \u2013 t\u00eb lara n\u00eb flori 18K<\/li>\n<li><strong>Cil\u00ebsi<\/strong>: Antialergjik\u00eb, nuk nxihen dhe rezistent\u00eb ndaj ujit<\/li>\n<li><strong>Dizajn modern<\/strong>: Form\u00eb unike gjeometrike q\u00eb dallon nga hoops klasik\u00eb<\/li>\n<li>Aksesori ideal p\u00ebr t\u00eb shtuar nj\u00eb prekje luksi dhe origjinaliteti<\/li>\n<\/ul>\n","protected":false},"featured_media":941,"comment_status":"open","ping_status":"closed","template":"","meta":{"neve_meta_sidebar":"","neve_meta_container":"","neve_meta_enable_content_width":"off","neve_meta_content_width":100,"neve_meta_title_alignment":"","neve_meta_author_avatar":"","neve_post_elements_order":"","neve_meta_disable_header":"","neve_meta_disable_footer":"","neve_meta_disable_title":"","_themeisle_gutenberg_block_has_review":false},"product_brand":[],"product_cat":[25],"product_tag":[],"class_list":{"0":"post-940","1":"product","2":"type-product","3":"status-publish","4":"has-post-thumbnail","6":"product_cat-vethe","8":"first","9":"instock","10":"shipping-taxable","11":"purchasable","12":"product-type-simple"},"_links":{"self":[{"href":"https:\/\/class-jewelry.com\/index.php\/wp-json\/wp\/v2\/product\/940","targetHints":{"allow":["GET"]}}],"collection":[{"href":"https:\/\/class-jewelry.com\/index.php\/wp-json\/wp\/v2\/product"}],"about":[{"href":"https:\/\/class-jewelry.com\/index.php\/wp-json\/wp\/v2\/types\/product"}],"replies":[{"embeddable":true,"href":"https:\/\/class-jewelry.com\/index.php\/wp-json\/wp\/v2\/comments?post=940"}],"wp:featuredmedia":[{"embeddable":true,"href":"https:\/\/class-jewelry.com\/index.php\/wp-json\/wp\/v2\/media\/941"}],"wp:attachment":[{"href":"https:\/\/class-jewelry.com\/index.php\/wp-json\/wp\/v2\/media?parent=940"}],"wp:term":[{"taxonomy":"product_brand","embeddable":true,"href":"https:\/\/class-jewelry.com\/index.php\/wp-json\/wp\/v2\/product_brand?post=940"},{"taxonomy":"product_cat","embeddable":true,"href":"https:\/\/class-jewelry.com\/index.php\/wp-json\/wp\/v2\/product_cat?post=940"},{"taxonomy":"product_tag","embeddable":true,"href":"https:\/\/class-jewelry.com\/index.php\/wp-json\/wp\/v2\/product_tag?post=940"}],"curies":[{"name":"wp","href":"https:\/\/api.w.org\/{rel}","templated":true}]}}