{"id":950,"date":"2025-08-25T14:25:15","date_gmt":"2025-08-25T12:25:15","guid":{"rendered":"https:\/\/class-jewelry.com\/?post_type=product&#038;p=950"},"modified":"2025-08-25T14:25:15","modified_gmt":"2025-08-25T12:25:15","slug":"unaza-ria","status":"publish","type":"product","link":"https:\/\/class-jewelry.com\/index.php\/product\/unaza-ria\/","title":{"rendered":"Unaza \u201cRia\u201d"},"content":{"rendered":"<p>\ud83c\udf1e Unaz\u00eb q\u00eb sjell ver\u00ebn n\u00eb \u00e7do detaj!<\/p>\n<p>E hapur dhe e zbukuruar nj\u00eb an me guask\u00eb, nj\u00eb an me yll, kjo unaz\u00eb \u00ebsht\u00eb simboli i diellit, detit dhe liris\u00eb. E b\u00ebr\u00eb nga \u00e7elik inox 316 me PVD Gold 18K, nuk nxihet dhe q\u00ebndron gjithmon\u00eb me shk\u00eblqim. Perfect p\u00ebr \u00e7do veshje verore \u2728\ud83d\udc1a\u2b50<\/p>\n","protected":false},"excerpt":{"rendered":"<ul>\n<li>Materiali: Stainless Steel 316 me veshje PVD Gold 18K \u2013 antialergjik dhe i q\u00ebndruesh\u00ebm<\/li>\n<li>Rezistenc\u00eb: Nuk nxihet, rezistent ndaj ujit dhe lag\u00ebshtir\u00ebs<\/li>\n<li>Dizajn: Unaz\u00eb e hapur, nj\u00eb an guask\u00eb, nj\u00eb an yll<\/li>\n<li>Stil: Elegante dhe verore, perfekt p\u00ebr nj\u00eb prekje t\u00eb leht\u00eb dhe stil minimalist<\/li>\n<li>P\u00ebrshtatshm\u00ebria: E rregullueshme p\u00ebr \u00e7do madh\u00ebsi gishti<\/li>\n<\/ul>\n","protected":false},"featured_media":949,"comment_status":"open","ping_status":"closed","template":"","meta":{"neve_meta_sidebar":"","neve_meta_container":"","neve_meta_enable_content_width":"off","neve_meta_content_width":100,"neve_meta_title_alignment":"","neve_meta_author_avatar":"","neve_post_elements_order":"","neve_meta_disable_header":"","neve_meta_disable_footer":"","neve_meta_disable_title":"","_themeisle_gutenberg_block_has_review":false},"product_brand":[],"product_cat":[24],"product_tag":[],"class_list":{"0":"post-950","1":"product","2":"type-product","3":"status-publish","4":"has-post-thumbnail","6":"product_cat-unaza","8":"first","9":"instock","10":"shipping-taxable","11":"purchasable","12":"product-type-simple"},"_links":{"self":[{"href":"https:\/\/class-jewelry.com\/index.php\/wp-json\/wp\/v2\/product\/950","targetHints":{"allow":["GET"]}}],"collection":[{"href":"https:\/\/class-jewelry.com\/index.php\/wp-json\/wp\/v2\/product"}],"about":[{"href":"https:\/\/class-jewelry.com\/index.php\/wp-json\/wp\/v2\/types\/product"}],"replies":[{"embeddable":true,"href":"https:\/\/class-jewelry.com\/index.php\/wp-json\/wp\/v2\/comments?post=950"}],"wp:featuredmedia":[{"embeddable":true,"href":"https:\/\/class-jewelry.com\/index.php\/wp-json\/wp\/v2\/media\/949"}],"wp:attachment":[{"href":"https:\/\/class-jewelry.com\/index.php\/wp-json\/wp\/v2\/media?parent=950"}],"wp:term":[{"taxonomy":"product_brand","embeddable":true,"href":"https:\/\/class-jewelry.com\/index.php\/wp-json\/wp\/v2\/product_brand?post=950"},{"taxonomy":"product_cat","embeddable":true,"href":"https:\/\/class-jewelry.com\/index.php\/wp-json\/wp\/v2\/product_cat?post=950"},{"taxonomy":"product_tag","embeddable":true,"href":"https:\/\/class-jewelry.com\/index.php\/wp-json\/wp\/v2\/product_tag?post=950"}],"curies":[{"name":"wp","href":"https:\/\/api.w.org\/{rel}","templated":true}]}}