{"id":968,"date":"2025-08-26T17:35:31","date_gmt":"2025-08-26T15:35:31","guid":{"rendered":"https:\/\/class-jewelry.com\/?post_type=product&#038;p=968"},"modified":"2025-08-26T17:35:31","modified_gmt":"2025-08-26T15:35:31","slug":"vethe-tria","status":"publish","type":"product","link":"https:\/\/class-jewelry.com\/index.php\/product\/vethe-tria\/","title":{"rendered":"V\u00ebth\u00eb &#8220;Tria\u201d"},"content":{"rendered":"<p>K\u00ebta vEth\u00eb elegant\u00eb jan\u00eb zgjedhja perfekte p\u00ebr nj\u00eb pamje t\u00eb thjesht\u00eb, por me klas.<br data-start=\"712\" data-end=\"715\" \/>T\u00eb punuar nga \u00e7elik inox 316 dhe t\u00eb veshur me flori 18K me metod\u00ebn PVD, ata ofrojn\u00eb nj\u00eb shk\u00eblqim t\u00eb q\u00ebndruesh\u00ebm dhe rezistenc\u00eb maksimale.<br data-start=\"852\" data-end=\"855\" \/>Jan\u00eb antialergjik\u00eb dhe nuk ndikohet nga uji apo lag\u00ebshtira, gj\u00eb q\u00eb i b\u00ebn t\u00eb sigurt dhe praktik\u00eb p\u00ebr p\u00ebrdorim t\u00eb p\u00ebrditsh\u00ebm.<br data-start=\"978\" data-end=\"981\" \/>Dizajni i tyre rrethor dhe i past\u00ebr \u00ebsht\u00eb ideal p\u00ebr \u00e7do lloj kombinimi \u2013 nga casual deri te elegant \u2013 duke shtuar nj\u00eb prekje fine n\u00eb \u00e7do paraqitje.<\/p>\n","protected":false},"excerpt":{"rendered":"<p data-start=\"149\" data-end=\"243\">\u2022 <strong data-start=\"151\" data-end=\"165\">Materiali:<\/strong> Stainless Steel 316 me veshje PVD Gold 18K \u2013 antialergjik dhe i q\u00ebndruesh\u00ebm<\/p>\n<p data-start=\"245\" data-end=\"313\">\u2022 <strong data-start=\"247\" data-end=\"262\">Rezistenc\u00eb:<\/strong> Nuk nxihen, rezistent\u00eb ndaj ujit dhe lag\u00ebshtir\u00ebs<\/p>\n<p data-start=\"315\" data-end=\"409\">\u2022 <strong data-start=\"317\" data-end=\"328\">Dizajn:<\/strong> Veth\u00eb elegant\u00eb me form\u00eb rrethore t\u00eb rafinuar dhe p\u00ebrfundim me shk\u00eblqim t\u00eb art\u00eb<\/p>\n<p data-start=\"411\" data-end=\"497\">\u2022 <strong data-start=\"413\" data-end=\"422\">Stil:<\/strong> Minimalist\u00eb, modern\u00eb dhe t\u00eb leht\u00eb p\u00ebr t\u2019u kombinuar me \u00e7do stil veshjeje<\/p>\n<p data-start=\"499\" data-end=\"602\">\u2022 <strong data-start=\"501\" data-end=\"521\">P\u00ebrshtatshm\u00ebria:<\/strong> T\u00eb leht\u00eb n\u00eb pesh\u00eb, t\u00eb rehatsh\u00ebm p\u00ebr p\u00ebrdorim t\u00eb p\u00ebrditsh\u00ebm apo evente speciale<\/p>\n","protected":false},"featured_media":969,"comment_status":"open","ping_status":"closed","template":"","meta":{"neve_meta_sidebar":"","neve_meta_container":"","neve_meta_enable_content_width":"off","neve_meta_content_width":100,"neve_meta_title_alignment":"","neve_meta_author_avatar":"","neve_post_elements_order":"","neve_meta_disable_header":"","neve_meta_disable_footer":"","neve_meta_disable_title":"","_themeisle_gutenberg_block_has_review":false},"product_brand":[],"product_cat":[25],"product_tag":[],"class_list":{"0":"post-968","1":"product","2":"type-product","3":"status-publish","4":"has-post-thumbnail","6":"product_cat-vethe","8":"first","9":"instock","10":"shipping-taxable","11":"purchasable","12":"product-type-simple"},"_links":{"self":[{"href":"https:\/\/class-jewelry.com\/index.php\/wp-json\/wp\/v2\/product\/968","targetHints":{"allow":["GET"]}}],"collection":[{"href":"https:\/\/class-jewelry.com\/index.php\/wp-json\/wp\/v2\/product"}],"about":[{"href":"https:\/\/class-jewelry.com\/index.php\/wp-json\/wp\/v2\/types\/product"}],"replies":[{"embeddable":true,"href":"https:\/\/class-jewelry.com\/index.php\/wp-json\/wp\/v2\/comments?post=968"}],"wp:featuredmedia":[{"embeddable":true,"href":"https:\/\/class-jewelry.com\/index.php\/wp-json\/wp\/v2\/media\/969"}],"wp:attachment":[{"href":"https:\/\/class-jewelry.com\/index.php\/wp-json\/wp\/v2\/media?parent=968"}],"wp:term":[{"taxonomy":"product_brand","embeddable":true,"href":"https:\/\/class-jewelry.com\/index.php\/wp-json\/wp\/v2\/product_brand?post=968"},{"taxonomy":"product_cat","embeddable":true,"href":"https:\/\/class-jewelry.com\/index.php\/wp-json\/wp\/v2\/product_cat?post=968"},{"taxonomy":"product_tag","embeddable":true,"href":"https:\/\/class-jewelry.com\/index.php\/wp-json\/wp\/v2\/product_tag?post=968"}],"curies":[{"name":"wp","href":"https:\/\/api.w.org\/{rel}","templated":true}]}}