{"id":988,"date":"2025-08-26T20:31:21","date_gmt":"2025-08-26T18:31:21","guid":{"rendered":"https:\/\/class-jewelry.com\/?post_type=product&#038;p=988"},"modified":"2025-08-31T22:26:28","modified_gmt":"2025-08-31T20:26:28","slug":"unaza-alara","status":"publish","type":"product","link":"https:\/\/class-jewelry.com\/index.php\/product\/unaza-alara\/","title":{"rendered":"Unaza \u201cAlara\u201d"},"content":{"rendered":"<p>Kjo unaz\u00eb prej argjendi 925 \u00ebsht\u00eb nj\u00eb kombinim i bukuris\u00eb klasike dhe dizajnit t\u00eb koh\u00ebs.<br data-start=\"740\" data-end=\"743\" \/>Punuar me p\u00ebrpikm\u00ebri n\u00eb detaje dhe me nj\u00eb form\u00eb q\u00eb t\u00ebrheq v\u00ebmendjen pa qen\u00eb e ekzagjeruar, kjo unaz\u00eb \u00ebsht\u00eb perfekte p\u00ebr p\u00ebrditshm\u00ebri ose p\u00ebr raste t\u00eb ve\u00e7anta.<br data-start=\"901\" data-end=\"904\" \/>Argjendi cil\u00ebsor garanton q\u00ebndrueshm\u00ebri, \u00ebsht\u00eb antialergjik dhe i sigurt p\u00ebr l\u00ebkur\u00ebn.<br data-start=\"989\" data-end=\"992\" \/>Me linja elegante dhe stil t\u00eb past\u00ebr, ajo p\u00ebrshtatet leht\u00ebsisht me \u00e7do veshje, duke e kthyer n\u00eb nj\u00eb pjes\u00eb t\u00eb domosdoshme t\u00eb koleksionit t\u00ebnd t\u00eb bizhuterive.<\/p>\n","protected":false},"excerpt":{"rendered":"<p data-start=\"156\" data-end=\"235\">\u2022 <strong data-start=\"158\" data-end=\"172\">Materiali:<\/strong> Argjend 925 \u2013 cil\u00ebsi e lart\u00eb, i q\u00ebndruesh\u00ebm dhe antialergjik<\/p>\n<p data-start=\"237\" data-end=\"330\">\u2022 <strong data-start=\"239\" data-end=\"254\">Rezistenc\u00eb:<\/strong> Nuk nxihet , rezistent ndaj lag\u00ebshtir\u00ebs dhe p\u00ebrdorimit t\u00eb p\u00ebrditsh\u00ebm<\/p>\n<p data-start=\"332\" data-end=\"416\">\u2022 <strong data-start=\"334\" data-end=\"345\">Dizajn:<\/strong> Unaz\u00eb me dizajn t\u00eb bukur dhe elegant, me detaje t\u00eb punuara me kujdes<\/p>\n<p data-start=\"418\" data-end=\"522\">\u2022 <strong data-start=\"420\" data-end=\"429\">Stil:<\/strong> Delikate dhe moderne \u2013 perfekte p\u00ebr ata q\u00eb k\u00ebrkojn\u00eb nj\u00eb aksesor t\u00eb rafinuar por t\u00eb ve\u00e7ant\u00eb<\/p>\n<p data-start=\"524\" data-end=\"624\">\u2022 <strong data-start=\"526\" data-end=\"546\">P\u00ebrshtatshm\u00ebria:<\/strong> E disponueshme n\u00eb madh\u00ebsi t\u00eb ndryshme, e p\u00ebrshtatshme p\u00ebr \u00e7do stil dhe rast<\/p>\n","protected":false},"featured_media":1114,"comment_status":"open","ping_status":"closed","template":"","meta":{"neve_meta_sidebar":"","neve_meta_container":"contained","neve_meta_enable_content_width":"off","neve_meta_content_width":100,"neve_meta_title_alignment":"","neve_meta_author_avatar":"","neve_post_elements_order":"","neve_meta_disable_header":"","neve_meta_disable_footer":"","neve_meta_disable_title":"","_themeisle_gutenberg_block_has_review":false},"product_brand":[],"product_cat":[24],"product_tag":[],"class_list":{"0":"post-988","1":"product","2":"type-product","3":"status-publish","4":"has-post-thumbnail","6":"product_cat-unaza","8":"first","9":"instock","10":"shipping-taxable","11":"purchasable","12":"product-type-simple"},"_links":{"self":[{"href":"https:\/\/class-jewelry.com\/index.php\/wp-json\/wp\/v2\/product\/988","targetHints":{"allow":["GET"]}}],"collection":[{"href":"https:\/\/class-jewelry.com\/index.php\/wp-json\/wp\/v2\/product"}],"about":[{"href":"https:\/\/class-jewelry.com\/index.php\/wp-json\/wp\/v2\/types\/product"}],"replies":[{"embeddable":true,"href":"https:\/\/class-jewelry.com\/index.php\/wp-json\/wp\/v2\/comments?post=988"}],"wp:featuredmedia":[{"embeddable":true,"href":"https:\/\/class-jewelry.com\/index.php\/wp-json\/wp\/v2\/media\/1114"}],"wp:attachment":[{"href":"https:\/\/class-jewelry.com\/index.php\/wp-json\/wp\/v2\/media?parent=988"}],"wp:term":[{"taxonomy":"product_brand","embeddable":true,"href":"https:\/\/class-jewelry.com\/index.php\/wp-json\/wp\/v2\/product_brand?post=988"},{"taxonomy":"product_cat","embeddable":true,"href":"https:\/\/class-jewelry.com\/index.php\/wp-json\/wp\/v2\/product_cat?post=988"},{"taxonomy":"product_tag","embeddable":true,"href":"https:\/\/class-jewelry.com\/index.php\/wp-json\/wp\/v2\/product_tag?post=988"}],"curies":[{"name":"wp","href":"https:\/\/api.w.org\/{rel}","templated":true}]}}