{"id":998,"date":"2025-08-26T21:02:27","date_gmt":"2025-08-26T19:02:27","guid":{"rendered":"https:\/\/class-jewelry.com\/?post_type=product&#038;p=998"},"modified":"2025-08-26T21:02:28","modified_gmt":"2025-08-26T19:02:28","slug":"byzylyk-floree","status":"publish","type":"product","link":"https:\/\/class-jewelry.com\/index.php\/product\/byzylyk-floree\/","title":{"rendered":"Byzylyk \u201cFlor\u00e9e\u201d"},"content":{"rendered":"<p data-start=\"613\" data-end=\"1046\">Ky aksesor me pes\u00eb lule t\u00eb punuara me kujdes sjell freskin\u00eb dhe bukurin\u00eb e natyr\u00ebs direkt n\u00eb stilin tuaj.<br data-start=\"718\" data-end=\"721\" \/>I prodhuar nga \u00e7elik inox 316 dhe i veshur me flori 18K, garanton shk\u00eblqim t\u00eb q\u00ebndruesh\u00ebm dhe rezistenc\u00eb ndaj p\u00ebrdorimit t\u00eb p\u00ebrditsh\u00ebm.<br data-start=\"856\" data-end=\"859\" \/>Detajet e luleve jan\u00eb t\u00eb rafinuara dhe elegante, duke e b\u00ebr\u00eb k\u00ebt\u00eb aksesor nj\u00eb zgjedhje t\u00eb p\u00ebrsosur p\u00ebr \u00e7do fem\u00ebr q\u00eb d\u00ebshiron t\u00eb shtoj\u00eb nj\u00eb nuanc\u00eb delikate dhe natyrale n\u00eb look-un e saj.<\/p>\n","protected":false},"excerpt":{"rendered":"<p data-start=\"110\" data-end=\"204\">\u2022 <strong data-start=\"112\" data-end=\"126\">Materiali:<\/strong> Stainless Steel 316 me veshje PVD Gold 18K \u2013 antialergjik dhe i q\u00ebndruesh\u00ebm<\/p>\n<p data-start=\"206\" data-end=\"273\">\u2022 <strong data-start=\"208\" data-end=\"223\">Rezistenc\u00eb:<\/strong> Nuk nxihet, rezistent ndaj ujit dhe lag\u00ebshtir\u00ebs<\/p>\n<p data-start=\"275\" data-end=\"388\">\u2022 <strong data-start=\"277\" data-end=\"288\">Dizajn:<\/strong> Aksesor me pes\u00eb lule t\u00eb dizajnuara me detaje t\u00eb im\u00ebta, q\u00eb i japin nj\u00eb pamje delikate dhe natyrale<\/p>\n<p data-start=\"390\" data-end=\"492\">\u2022 <strong data-start=\"392\" data-end=\"401\">Stil:<\/strong>\u00a0elegant \u2013 perfekt p\u00ebr t\u00eb shtuar nj\u00eb prekje natyrale n\u00eb \u00e7do veshje<\/p>\n<p data-start=\"494\" data-end=\"585\">\u2022 <strong data-start=\"496\" data-end=\"516\">P\u00ebrshtatshm\u00ebria:<\/strong> I p\u00ebrshtatsh\u00ebm p\u00ebr \u00e7do rast, i disponuesh\u00ebm n\u00eb madh\u00ebsi t\u00eb ndryshme<\/p>\n","protected":false},"featured_media":999,"comment_status":"open","ping_status":"closed","template":"","meta":{"neve_meta_sidebar":"","neve_meta_container":"","neve_meta_enable_content_width":"off","neve_meta_content_width":100,"neve_meta_title_alignment":"","neve_meta_author_avatar":"","neve_post_elements_order":"","neve_meta_disable_header":"","neve_meta_disable_footer":"","neve_meta_disable_title":"","_themeisle_gutenberg_block_has_review":false},"product_brand":[],"product_cat":[26],"product_tag":[],"class_list":{"0":"post-998","1":"product","2":"type-product","3":"status-publish","4":"has-post-thumbnail","6":"product_cat-byrzylyk","8":"first","9":"instock","10":"shipping-taxable","11":"purchasable","12":"product-type-simple"},"_links":{"self":[{"href":"https:\/\/class-jewelry.com\/index.php\/wp-json\/wp\/v2\/product\/998","targetHints":{"allow":["GET"]}}],"collection":[{"href":"https:\/\/class-jewelry.com\/index.php\/wp-json\/wp\/v2\/product"}],"about":[{"href":"https:\/\/class-jewelry.com\/index.php\/wp-json\/wp\/v2\/types\/product"}],"replies":[{"embeddable":true,"href":"https:\/\/class-jewelry.com\/index.php\/wp-json\/wp\/v2\/comments?post=998"}],"wp:featuredmedia":[{"embeddable":true,"href":"https:\/\/class-jewelry.com\/index.php\/wp-json\/wp\/v2\/media\/999"}],"wp:attachment":[{"href":"https:\/\/class-jewelry.com\/index.php\/wp-json\/wp\/v2\/media?parent=998"}],"wp:term":[{"taxonomy":"product_brand","embeddable":true,"href":"https:\/\/class-jewelry.com\/index.php\/wp-json\/wp\/v2\/product_brand?post=998"},{"taxonomy":"product_cat","embeddable":true,"href":"https:\/\/class-jewelry.com\/index.php\/wp-json\/wp\/v2\/product_cat?post=998"},{"taxonomy":"product_tag","embeddable":true,"href":"https:\/\/class-jewelry.com\/index.php\/wp-json\/wp\/v2\/product_tag?post=998"}],"curies":[{"name":"wp","href":"https:\/\/api.w.org\/{rel}","templated":true}]}}